- t = y. Is y a composite number?
False
Suppose -4*x - 4*x = x. Let j(u) = u**3 - u**2 - 13*u + 871. Is j(x) a composite number?
True
Let a(y) = -1217*y - 1. Let z be a(1). Let k(f) = -4*f**2 + 12*f. Let i be k(3). Is (i + -1*z/(-3))/(-2) prime?
False
Let y be -1 + 0 + 34 + (-3)/(-1). Suppose -y*p - 3116 = -40*p. Is p composite?
True
Let a(j) = -j**2 - 3*j + 8. Let n be a(-4). Suppose -5*f = -3*u - u + n, 3*u = 3. Suppose -5*x + 8*x - 357 = f. Is x a prime number?
False
Suppose -131*w = -129*w - 4, 3*y + 2*w - 378166 = 0. Is y/(288/16) + 1*-6 composite?
False
Suppose -498*m - 50114 = -500*m + h, 5*m = h + 125285. Is m composite?
False
Suppose -3*o + 6*o = -5*p + 55, 98 = 5*o + 2*p. Let r be (2/(-5))/(o/(-14600)). Suppose -h + r = 5. Is h a composite number?
True
Let g(z) = -4*z + 92. Let f be g(22). Suppose 6*r = 7*r - 2*h - 155, -4*h + f = 0. Is r prime?
True
Let l be (10/(-2) + 7)*2182. Let r = l + 543. Is r a composite number?
True
Suppose 2*c - 10 = 4, -2*c - 100609 = -3*g. Is g prime?
False
Let u(v) = 2328*v - 38. Let f be u(4). Let w = f - 6165. Is w composite?
False
Let r(x) = 35*x**2 - 4*x - 3461. Is r(-80) prime?
True
Let s = 786 - 790. Let z(b) = -7555*b + 69. Is z(s) prime?
False
Let t be 6/(-4)*((-1088)/24)/17. Is 2917 - 3 - -6 - (-4)/t a prime number?
False
Let c(z) = 2*z**3 - 86*z**2 + 685*z - 144. Is c(61) composite?
True
Let o = -218889 - -439606. Is o a composite number?
True
Let b(c) = 3*c**2 - 32*c - 3. Let l(k) = 1 - k - 5*k + 9*k. Let a be l(7). Is b(a) prime?
False
Let j = 130 - 88. Let g = -38 + j. Suppose 3027 = g*x - 2881. Is x composite?
True
Suppose 4*b + 435525 = 7*b + r, b - 145159 = -3*r. Is b a composite number?
False
Suppose 5*t + f = -32, 0*t - 24 = 3*t + 3*f. Let y(g) = 111*g + 10. Let s be y(t). Let j = s - -2334. Is j composite?
True
Let y = -16 + 19. Suppose -4*j = -y*f - j + 432, f + j = 148. Let u = f + -69. Is u a prime number?
False
Let w(a) = -a**2 + 9*a + 1. Let c be w(8). Let l(q) = 4*q**3 - 8*q**2 - 5*q - 22. Is l(c) a composite number?
True
Suppose -6*a = -29 - 7. Suppose 4*b = 3*x + 15784, -a*x = -x. Is b prime?
False
Is ((-1208558)/(-39) - -1)/(2/6) prime?
False
Let v = 87274 - 51515. Is v prime?
True
Let n be -2*(-5 + 44/8). Is (3309214/318)/(0 + n/(-3)) prime?
True
Let b be 19/(3 + 508/(-168)). Let o be (b/4 + -1)*-10. Suppose 0 = 4*x + 5*r - 4866, -2*x - 2*r + 429 = -o. Is x a prime number?
False
Suppose 100*h - 84*h = 1781968. Is h composite?
False
Let k = -5602 - -10348. Let u = k - 2429. Is u composite?
True
Suppose -372*q + 371*q = -8997. Is q a composite number?
True
Let c(m) be the third derivative of -m**6/120 + 7*m**5/15 - 17*m**4/12 - 11*m**3/6 - 2*m**2 - 19. Is c(24) a composite number?
True
Suppose 0 = -a + 2*y + 3484, 4*a - 6*a + 6952 = 4*y. Let s = -2448 + a. Suppose 315 + s = 3*x. Is x a composite number?
False
Let m be 2*-6 - (-2 - -3). Let d(y) = -7*y**2 - 17*y - 16. Let l be d(m). Is l/(-2) + (7 - 11) a prime number?
False
Let j(d) = 47 + 679*d + 10 - 174*d - 4. Is j(14) a prime number?
False
Suppose 35804 = 8*v - 12478 - 15734. Is v a composite number?
True
Suppose 17*s - 303949 = -30*s. Is s prime?
False
Let y be 3 - (3 + 0/3). Suppose y*k + k = 3*n - 3023, -2*k - 2010 = -2*n. Is n prime?
True
Let d(s) = 144*s + 2054 + 47*s - 2197. Is d(12) composite?
True
Suppose -245296 + 1322 = -16*t + 129834. Is t a composite number?
True
Let c = 1262086 + -567773. Is c composite?
False
Is 32/96*((-3 - -276202) + 2) a prime number?
False
Let t = 771 + -737. Let w(r) = r**3 - 25*r**2 + 67*r - 81. Is w(t) composite?
False
Let u(x) = -36*x**2 + 1 - 3*x + 2 + 97*x**2. Is u(-6) a composite number?
True
Let i = 71866 + -32877. Is i a prime number?
False
Let d be (-6)/(-10)*(52 + -17). Suppose 18*a - 12 = d*a. Is 2/(30408/(-7604) - a - 0) a composite number?
False
Let z be ((-12)/12)/((-1)/37). Let l = z + -32. Suppose -4105 = l*k - 19280. Is k a composite number?
True
Suppose 2*x + 2*h = -128, 9*x - 6*x = 4*h - 199. Let z = 44 + x. Is ((-25963)/z)/(4/12) a prime number?
True
Let v = -6872 + 16471. Is v prime?
False
Is (0 - 9) + (-428112)/(-216) a prime number?
True
Suppose 6302*m + 2107910 = 6316*m. Is m a prime number?
False
Suppose -2352 = -2*l - 3*a, -3*l - 51*a + 49*a = -3518. Is l + (-23 + -1)/(-6) prime?
False
Let j = -152 + 150. Let f(h) = 12*h + 25. Let w be f(j). Let b(a) = 3163*a**3 - a**2 + 4*a - 3. Is b(w) a prime number?
True
Suppose 2 = -6*v - 4. Let r be v/((-4)/36*-3) - -1100. Let g = r + 248. Is g composite?
True
Suppose -17 = -b - 23. Let w be (8/b)/(12/(-27)). Is 18/(-27) + 113/w a prime number?
True
Let s be ((-27)/(-6))/(7 - (-93)/(-12)). Is s + 0/(-8 + 4) + 4945 composite?
True
Let u(k) = -1 + 441*k**2 - 59*k**2 + 2*k - 4*k + 92*k**2 - 2*k. Suppose -m - 2*m = 4*b + 6, -b + 4 = -2*m. Is u(m) a composite number?
True
Let z(g) = 14*g + 86. Let i be z(-6). Suppose i*u - 3*u + 1131 = 4*n, 5*u - 5570 = -3*n. Is u a composite number?
True
Suppose 7*b - 3*a + 13253 = 12*b, 8 = -2*a. Is b composite?
True
Suppose 27308866 = 21*y + 3150277. Is y a prime number?
False
Suppose -97389 + 718961 = 28*z. Is z a prime number?
False
Suppose 2*t - 24 = 2*v + 2*v, -4*v - 24 = t. Let i be (v/(-8))/((-15)/(-60)). Is (-1)/(-2*i/1068*2) composite?
False
Suppose -j = 313 + 374. Let o = j - 944. Is (-4 + o)/(-3) + -4 composite?
False
Let z(q) = -q**2 + 81 - 124*q + 130*q - 69*q + 12*q**2. Is z(26) prime?
True
Let j(p) = 89 + 27*p - 15 - 39 + 214*p + 110. Is j(22) composite?
True
Let l = -20558 - -11189. Is ((-4)/6)/(((-36)/l)/(-4)) prime?
False
Let d(q) = q**3 + 14*q**2 + q - 25. Let o be d(-14). Let x = o + 43. Suppose 6501 = 15*z - x*z. Is z prime?
False
Suppose j = -4*y - 61, -2*y + 5*j - 3 = -0*j. Let o(t) = -325*t + 3. Is o(y) composite?
True
Suppose -1332149 = -8897*w + 8844*w + 3901124. Is w a composite number?
True
Let p = 46 + -41. Suppose 15*u - 49050 = p*u. Let h = -3074 + u. Is h prime?
True
Is ((224/(-192))/(14/(-2468082)))/((-1)/(-2)) a composite number?
False
Let i be -2347 + (3/9)/(2/18). Let s = i - -4733. Is s composite?
False
Let c(h) = -127843*h - 2149. Is c(-2) composite?
False
Let c = -531451 + 956208. Is c a composite number?
False
Suppose 3*i + 958 = 5*i. Let a = 334 - i. Is (-1 + 2)*(4 - a) a composite number?
False
Let t be 2/(-10) - 66/(-60)*2. Let r(f) = 687*f**3 + 2*f**2 + f + 1. Is r(t) a composite number?
False
Is (649/(-33))/(2 + (-17260)/8628) composite?
True
Suppose 125*d - 254*d + 130*d - 1847 = 0. Is d a composite number?
False
Suppose -4*c + 5 - 9 = 0. Let d be (-1 - 1) + (c*944)/8. Is d/(-18)*(3308/16 + 1) a composite number?
True
Let n = -53744 + 83780. Let h = 50923 - n. Is h composite?
False
Suppose r - 4*f + 3 = -f, r = 2*f - 7. Let h = r + 15. Suppose h = 20*v - 15*v - 3535. Is v prime?
False
Let z = -6 - -23. Suppose -7*x - 118 = -41. Let u = x + z. Is u a prime number?
False
Suppose 11*o - 182 = -2*o. Suppose 0 = o*d - 12229 - 4585. Is d a composite number?
False
Suppose -32*g = -35*g + 60396. Suppose 24*c + g = 28*c. Is c prime?
False
Suppose 2*v + 205 = 195. Let r(h) = 32*h**2 - 26*h + 6. Let o(d) = 11*d**2 - 9*d + 2. Let g(t) = -11*o(t) + 4*r(t). Is g(v) a prime number?
False
Is (-551576)/(-6)*(-98)/56*-3 composite?
True
Is 0 - 2 - 105*(0 + 359/(-3)) a prime number?
False
Let t = 143 + 1001. Suppose 2365 = 11*d - t. Is d a composite number?
True
Let o(y) = -74*y**3 - 8*y**2 - 6*y + 3. Let h be o(-5). Let s be (-10)/(20/(-18))*1. Is h/s - (-56)/(-252) a composite number?
False
Let m be (3 - -79)*1/(-1) + -2. Let k = 79 + m. Is k/3*(-2619)/9 prime?
False
Let v(r) be the second derivative of -7*r**3/6 - 4*r**2 - 19*r. Is v(-6) a composite number?
True
Let g = 142298 - 72040. Is g a prime number?
False
Let g(j) = -11*j**3 - 3*j**2 - 8*j + 1. Let n be g(-6). Suppose -243*r + 254*r = 88. Suppose z + n = r*z. Is z composite?
False
Suppose -141*j - 18819288 = -213*j. Is j a prime number?
True
Is 2*(-1)/(-2)*(11/(-11) - -96530) prime?
False
Suppose -270 - 10 = -7*f. Suppose 0*g + f = -2*w + 4*g, -2*w - 70 = 2*g. Is 15/w*(-1 + -241) composite?
True
Let d be (10/80)/((-4)/(-32)). Let i(h) = 179*h - 16. Is i(d) a prime number?
True
Let y = 103 + -128. Is 49072/10 - (-5)/y prime?
False
Let i(a) = -11*a**3 + 11*a**2 + a - 13. Let z(c) = 12*c**3 - 10*c**2 - c +